 the greatest common divisor of 13542 and 732.
366
What is the highest common factor of 190 and 76?
38
Calculate the highest common factor of 3 and 6.
3
What is the highest common divisor of 40 and 24?
8
Calculate the highest common factor of 390 and 3.
3
Calculate the greatest common factor of 1056 and 231.
33
What is the highest common divisor of 28032 and 219?
219
Calculate the greatest common factor of 355 and 15.
5
What is the greatest common factor of 11 and 121?
11
Calculate the highest common factor of 928 and 1568.
32
What is the highest common divisor of 3 and 327?
3
What is the highest common factor of 15936 and 64?
64
What is the highest common factor of 385 and 88?
11
Calculate the highest common divisor of 204 and 50796.
204
What is the greatest common factor of 35 and 140?
35
What is the greatest common divisor of 24 and 36468?
12
Calculate the highest common factor of 12 and 672.
12
Calculate the greatest common divisor of 330 and 170.
10
What is the highest common factor of 156 and 60?
12
What is the greatest common divisor of 165 and 75?
15
Calculate the highest common factor of 48 and 42.
6
Calculate the highest common divisor of 558 and 162.
18
Calculate the greatest common factor of 8413 and 358.
179
What is the greatest common factor of 38 and 4?
2
Calculate the highest common divisor of 37 and 15947.
37
What is the highest common divisor of 59 and 826?
59
Calculate the highest common factor of 280 and 90.
10
What is the greatest common divisor of 19 and 1?
1
What is the greatest common divisor of 1921 and 226?
113
Calculate the highest common divisor of 7 and 82607.
7
What is the greatest common divisor of 2 and 663?
1
What is the greatest common divisor of 47 and 1?
1
What is the greatest common factor of 5565 and 63?
21
Calculate the highest common factor of 1287 and 26.
13
What is the greatest common divisor of 34 and 16?
2
Calculate the greatest common divisor of 7 and 3.
1
What is the highest common divisor of 341 and 11966?
31
Calculate the greatest common divisor of 66 and 1309.
11
Calculate the highest common factor of 1512 and 120.
24
What is the greatest common factor of 2041 and 157?
157
What is the greatest common factor of 867 and 51?
51
What is the highest common divisor of 42 and 462?
42
Calculate the highest common factor of 2010 and 12.
6
What is the greatest common divisor of 85 and 136?
17
What is the highest common divisor of 1380 and 92?
92
What is the highest common factor of 686 and 784?
98
Calculate the highest common divisor of 705 and 405.
15
What is the greatest common factor of 70 and 14?
14
What is the highest common divisor of 451 and 11?
11
Calculate the greatest common divisor of 464 and 10324.
116
What is the greatest common divisor of 448 and 4?
4
What is the highest common divisor of 378 and 14?
14
What is the highest common divisor of 572 and 3692?
52
What is the greatest common factor of 2755 and 95?
95
What is the greatest common factor of 34 and 58208?
34
What is the greatest common divisor of 175 and 200?
25
Calculate the greatest common divisor of 12435 and 60.
15
What is the greatest common factor of 5012 and 364?
28
What is the greatest common divisor of 253 and 66?
11
What is the greatest common factor of 11 and 451?
11
What is the highest common divisor of 224 and 2408?
56
What is the greatest common factor of 200 and 120?
40
What is the highest common factor of 10 and 90?
10
Calculate the highest common factor of 6874 and 28.
14
Calculate the highest common divisor of 11 and 3707.
11
Calculate the greatest common divisor of 20 and 1910.
10
What is the greatest common divisor of 58 and 145?
29
Calculate the greatest common factor of 5670 and 252.
126
Calculate the highest common divisor of 8 and 6480.
8
Calculate the highest common divisor of 261 and 348.
87
Calculate the greatest common divisor of 37 and 185.
37
Calculate the greatest common factor of 1390 and 10.
10
Calculate the greatest common divisor of 2 and 84.
2
What is the greatest common factor of 27 and 51?
3
Calculate the greatest common factor of 120 and 18520.
40
What is the highest common factor of 8 and 28888?
8
What is the highest common divisor of 92 and 3772?
92
What is the greatest common factor of 1469 and 13?
13
Calculate the highest common divisor of 2 and 86.
2
Calculate the highest common factor of 112 and 12.
4
Calculate the greatest common factor of 205 and 369.
41
Calculate the greatest common factor of 110 and 3982.
22
Calculate the greatest common factor of 90 and 80.
10
What is the highest common factor of 27579 and 87?
87
What is the highest common divisor of 50 and 2?
2
What is the highest common factor of 63 and 11709?
9
What is the highest common divisor of 1099 and 1256?
157
Calculate the greatest common divisor of 9 and 32661.
9
What is the greatest common divisor of 30 and 480?
30
What is the highest common divisor of 432 and 1917?
27
Calculate the highest common factor of 4 and 148.
4
What is the greatest common divisor of 100 and 275?
25
Calculate the highest common factor of 169 and 91.
13
Calculate the highest common divisor of 170 and 4505.
85
What is the highest common factor of 1139 and 17?
17
What is the greatest common factor of 36 and 1212?
12
What is the greatest common factor of 632 and 128?
8
Calculate the greatest common divisor of 88 and 308.
44
What is the highest common divisor of 1611 and 18?
9
What is the greatest common divisor of 105 and 315?
105
What is the highest common divisor of 275 and 22?
11
Calculate the greatest common factor of 39 and 36127.
13
What is the greatest common divisor of 12 and 12?
12
Calculate the highest common divisor of 252 and 14.
14
Calculate the greatest common factor of 414 and 450.
18
Calculate the greatest common factor of 12926 and 92.
46
Calculate the greatest common divisor of 3468 and 17.
17
What is the highest common factor of 4 and 2?
2
What is the greatest common factor of 6539 and 104?
13
What is the greatest common divisor of 1746 and 18?
18
Calculate the highest common factor of 140 and 224.
28
Calculate the greatest common divisor of 1 and 41.
1
Calculate the greatest common factor of 381 and 4064.
127
Calculate the highest common factor of 1606 and 1782.
22
Calculate the highest common factor of 78 and 18.
6
What is the highest common divisor of 1904 and 2128?
112
What is the greatest common factor of 420 and 16170?
210
What is the greatest common divisor of 270 and 450?
90
Calculate the greatest common divisor of 132 and 5236.
44
What is the highest common divisor of 15988 and 28?
28
What is the highest common factor of 38 and 2489?
19
Calculate the highest common factor of 1040 and 20.
20
Calculate the highest common divisor of 90 and 396.
18
What is the greatest common divisor of 140 and 480?
20
Calculate the greatest common divisor of 74 and 6919.
37
What is the highest common factor of 20 and 5050?
10
Calculate the greatest common divisor of 36461 and 361.
361
What is the greatest common factor of 3546 and 3?
3
What is the highest common factor of 53 and 9487?
53
What is the greatest common divisor of 5680 and 80?
80
Calculate the highest common factor of 14 and 29827.
7
What is the highest common factor of 30 and 670?
10
What is the highest common divisor of 217 and 287?
7
Calculate the highest common divisor of 155 and 45.
5
What is the highest common divisor of 63 and 684?
9
What is the highest common divisor of 3 and 7?
1
What is the greatest common factor of 5682 and 24?
6
Calculate the highest common factor of 13 and 2041.
13
What is the greatest common factor of 7518 and 3?
3
Calculate the greatest common factor of 42 and 21308.
14
What is the greatest common factor of 68 and 12?
4
What is the greatest common divisor of 32782 and 37?
37
Calculate the highest common divisor of 138 and 621.
69
What is the highest common divisor of 432 and 144?
144
What is the greatest common factor of 1544 and 104?
8
Calculate the highest common divisor of 990 and 55.
55
Calculate the greatest common divisor of 33 and 33.
33
Calculate the greatest common factor of 14 and 112.
14
What is the highest common divisor of 627 and 176?
11
Calculate the greatest common divisor of 2 and 8.
2
Calculate the greatest common divisor of 16 a